{"id":156,"date":"2021-04-16T19:39:38","date_gmt":"2021-04-16T17:39:38","guid":{"rendered":"https:\/\/zanimljivageografija.org\/?page_id=156"},"modified":"2025-05-02T23:03:33","modified_gmt":"2025-05-02T21:03:33","slug":"pravila-i-resenja-zanimljive-geografije","status":"publish","type":"page","link":"https:\/\/www.sveznan.com\/zanimljiva-geografija\/","title":{"rendered":"Online igra i zbirka re\u0161enja za igru \u201eGradovi i Sela\u201c"},"content":{"rendered":"<form role=\"search\" method=\"get\" action=\"https:\/\/www.sveznan.com\/zanimljiva-geografija\/\" class=\"wp-block-search__button-outside wp-block-search__text-button wp-block-search\"    ><label class=\"wp-block-search__label\" for=\"wp-block-search__input-1\" >Pretraga pojmova<\/label><div class=\"wp-block-search__inside-wrapper\" ><input class=\"wp-block-search__input\" id=\"wp-block-search__input-1\" placeholder=\"\" value=\"\" type=\"search\" name=\"s\" required \/><button aria-label=\"Pretraga\" class=\"wp-block-search__button wp-element-button\" type=\"submit\" >Pretraga<\/button><\/div><\/form>\r\n\r\n\r\n<p>Igra <strong>\u201eZanimljiva geografija\u201c<\/strong> poznata i pod nazivom <strong>\u201eGradova i sela\u201c<\/strong> je jedna od dru\u0161tvenih igara koja se naj\u010de\u0161\u0107e igra u osnovnoj ili srednjoj \u0161koli. Igramo je naj\u010de\u0161\u0107e kada imamo prazan \u010das ili na velikom odmoru. Ipak, kako je igra jako zanimljiva, mnogi parovi ili porodice je igraju jednostavno ku\u0107i tokom dugih zimskih ve\u010deri.<\/p>\r\n\r\n\r\n\r\n<div class=\"wp-block-group\"><div class=\"wp-block-group__inner-container is-layout-constrained wp-block-group-is-layout-constrained\">\r\n<h2 class=\"wp-block-heading has-text-align-left\">Tablica (forma) za zanimljivu geografiju oflajn (offline)<\/h2>\r\n\r\n\r\n\r\n<p>Ovde mo\u017eete prona\u0107i i gotove tablice napravljene za ovu igre, a koje mo\u017eete od\u0161tampati na va\u0161em \u0161tampa\u010du, ipak ve\u0107ina ljudi smatra da je puno zanimljivije napraviti sam tabelu i dati joj svoj neki li\u010dni otisak.<\/p>\r\n\r\n\r\n\r\n<ul class=\"wp-block-list\">\r\n<li><a href=\"https:\/\/www.sveznan.com\/zanimljiva-geografija\/wp-content\/uploads\/2021\/04\/zanimljiva-geografija.pdf\">Zanimljiva geografija latinica (.pdf)<\/a><\/li>\r\n\r\n\r\n\r\n<li><a href=\"https:\/\/www.sveznan.com\/zanimljiva-geografija\/wp-content\/uploads\/2021\/04\/zanimljiva-geografija.docx\">Zanimljiva geografija latinica (.docx)<\/a><\/li>\r\n\r\n\r\n\r\n<li><a href=\"https:\/\/www.sveznan.com\/zanimljiva-geografija\/wp-content\/uploads\/2021\/04\/zanimljiva-geografija-cirilica.pdf\">\u0417\u0430\u043d\u0438\u043c\u0459\u0438\u0432\u0430 \u0433\u0435\u043e\u0433\u0440\u0430\u0444\u0438\u0458\u0430 \u045b\u0438\u0440\u0438\u043b\u0438\u0446\u0430 (.pdf)<\/a><\/li>\r\n\r\n\r\n\r\n<li><a href=\"https:\/\/www.sveznan.com\/zanimljiva-geografija\/wp-content\/uploads\/2021\/04\/zanimljiva-geografija-cirilica.docx\">\u0417\u0430\u043d\u0438\u043c\u0459\u0438\u0432\u0430 \u0433\u0435\u043e\u0433\u0440\u0430\u0444\u0438\u0458\u0430 \u045b\u0438\u0440\u0438\u043b\u0438\u0446\u0430 (.docx)<\/a><\/li>\r\n<\/ul>\r\n\r\n\r\n\r\n<figure class=\"wp-block-image size-full\"><img loading=\"lazy\" decoding=\"async\" width=\"1000\" height=\"731\" class=\"wp-image-1489\" src=\"https:\/\/www.sveznan.com\/zanimljiva-geografija\/wp-content\/uploads\/2025\/03\/gradova-i-sela.jpg\" alt=\"\" srcset=\"https:\/\/www.sveznan.com\/zanimljiva-geografija\/wp-content\/uploads\/2025\/03\/gradova-i-sela.jpg 1000w, https:\/\/www.sveznan.com\/zanimljiva-geografija\/wp-content\/uploads\/2025\/03\/gradova-i-sela-720x526.jpg 720w, https:\/\/www.sveznan.com\/zanimljiva-geografija\/wp-content\/uploads\/2025\/03\/gradova-i-sela-768x561.jpg 768w\" sizes=\"auto, (max-width: 1000px) 100vw, 1000px\" \/><\/figure>\r\n\r\n\r\n\r\n<h2 class=\"wp-block-heading has-text-align-left\">Re\u0161enja Zanimljive geografije<\/h2>\r\n<\/div><\/div>\r\n\r\n\r\n\r\n<p>Pored ovog pravilnika, na ovom sajtu mo\u017eete prona\u0107i primere re\u0161enja za sva slova. Na ra\u010dunaru re\u0161enjima pristupate klikom na dato slovo u meniju na vrhu stranice, dok na pametnom telefonu potrebno je da aktivirate izbornik klikom na tri crtice ispod loga sajta na vrhu.<\/p>\r\n\r\n\r\n\r\n<h2 class=\"wp-block-heading has-text-align-left\">Spisak pojmova po kategorijama<\/h2>\r\n\r\n\r\n\r\n<p>Za one koji \u017eele da nau\u010de vi\u0161e razli\u010ditih pojmova, da bi bili efikasniji i bolji u ovoj igri, imamo i spiskove po 100 pojmova sa svakim slovom, opisom pojma i linkom na geografsku kartu gde se data lokacija nalazi.<\/p>\r\n\r\n\r\n\r\n<p>Ove liste mo\u017eete prona\u0107i sa stranica re\u0161enja pod opcijom \u201edetaljnije\u201c.<\/p>\r\n\r\n\r\n\r\n<p>Za neka slova ne postoje pojmovi ili ih mi nismo znali prona\u0107i. Ako u ovakvim slu\u010dajevima znate re\u0161enje onda bismo vam bili veoma zahvalni da nas kontaktirate putem <a href=\"https:\/\/zanimljivageografija.org\/kontakt\/\">kontakt stranice<\/a>.<\/p>\r\n\r\n\r\n\r\n<h2 class=\"wp-block-heading has-text-align-left\">Najnovije na blogu<\/h2>\r\n\r\n\r\n\r\n<div class=\"wp-block-group\"><div class=\"wp-block-group__inner-container is-layout-constrained wp-block-group-is-layout-constrained\"><ul style=\"background-color:#0066cc0f; padding-top:var(--wp--preset--spacing--30);padding-bottom:var(--wp--preset--spacing--30);padding-left:var(--wp--preset--spacing--20);padding-right:var(--wp--preset--spacing--20);\" class=\"wp-block-latest-posts__list is-grid columns-2 alignwide wp-block-latest-posts has-background\"><li><div class=\"wp-block-latest-posts__featured-image aligncenter\"><img loading=\"lazy\" decoding=\"async\" width=\"720\" height=\"450\" src=\"https:\/\/www.sveznan.com\/zanimljiva-geografija\/wp-content\/uploads\/2021\/04\/zanimljiva-geografija-slovo-zh-720x450.jpg\" class=\"attachment-medium size-medium wp-post-image\" alt=\"Zanimljiva geografija na slovo \u017d\" style=\"max-width:160px;max-height:160px;\" srcset=\"https:\/\/www.sveznan.com\/zanimljiva-geografija\/wp-content\/uploads\/2021\/04\/zanimljiva-geografija-slovo-zh-720x450.jpg 720w, https:\/\/www.sveznan.com\/zanimljiva-geografija\/wp-content\/uploads\/2021\/04\/zanimljiva-geografija-slovo-zh.jpg 740w\" sizes=\"auto, (max-width: 720px) 100vw, 720px\" \/><\/div><a class=\"wp-block-latest-posts__post-title\" href=\"https:\/\/www.sveznan.com\/zanimljiva-geografija\/zanimljiva-geografija-na-slovo-z-2\/\">Zanimljiva geografija na slovo \u017d<\/a><\/li>\n<li><div class=\"wp-block-latest-posts__featured-image aligncenter\"><img loading=\"lazy\" decoding=\"async\" width=\"720\" height=\"450\" src=\"https:\/\/www.sveznan.com\/zanimljiva-geografija\/wp-content\/uploads\/2021\/04\/zimbabve-720x450.jpg\" class=\"attachment-medium size-medium wp-post-image\" alt=\"Leopard ilustracija\" style=\"max-width:160px;max-height:160px;\" srcset=\"https:\/\/www.sveznan.com\/zanimljiva-geografija\/wp-content\/uploads\/2021\/04\/zimbabve-720x450.jpg 720w, https:\/\/www.sveznan.com\/zanimljiva-geografija\/wp-content\/uploads\/2021\/04\/zimbabve.jpg 740w\" sizes=\"auto, (max-width: 720px) 100vw, 720px\" \/><\/div><a class=\"wp-block-latest-posts__post-title\" href=\"https:\/\/www.sveznan.com\/zanimljiva-geografija\/zanimljiva-geografija-na-slovo-z\/\">Zanimljiva geografija na slovo Z<\/a><\/li>\n<li><div class=\"wp-block-latest-posts__featured-image aligncenter\"><img loading=\"lazy\" decoding=\"async\" width=\"720\" height=\"450\" src=\"https:\/\/www.sveznan.com\/zanimljiva-geografija\/wp-content\/uploads\/2021\/04\/zanimljiva-geografija-slovo-v-720x450.jpg\" class=\"attachment-medium size-medium wp-post-image\" alt=\"Zanimljiva geografija na slovo V\" style=\"max-width:160px;max-height:160px;\" srcset=\"https:\/\/www.sveznan.com\/zanimljiva-geografija\/wp-content\/uploads\/2021\/04\/zanimljiva-geografija-slovo-v-720x450.jpg 720w, https:\/\/www.sveznan.com\/zanimljiva-geografija\/wp-content\/uploads\/2021\/04\/zanimljiva-geografija-slovo-v.jpg 740w\" sizes=\"auto, (max-width: 720px) 100vw, 720px\" \/><\/div><a class=\"wp-block-latest-posts__post-title\" href=\"https:\/\/www.sveznan.com\/zanimljiva-geografija\/zanimljiva-geografija-na-slovo-v\/\">Zanimljiva geografija na slovo V<\/a><\/li>\n<li><div class=\"wp-block-latest-posts__featured-image aligncenter\"><img loading=\"lazy\" decoding=\"async\" width=\"720\" height=\"450\" src=\"https:\/\/www.sveznan.com\/zanimljiva-geografija\/wp-content\/uploads\/2021\/04\/uganda-720x450.jpg\" class=\"attachment-medium size-medium wp-post-image\" alt=\"Antilopa u Ugandi ilustracija\" style=\"max-width:160px;max-height:160px;\" srcset=\"https:\/\/www.sveznan.com\/zanimljiva-geografija\/wp-content\/uploads\/2021\/04\/uganda-720x450.jpg 720w, https:\/\/www.sveznan.com\/zanimljiva-geografija\/wp-content\/uploads\/2021\/04\/uganda.jpg 740w\" sizes=\"auto, (max-width: 720px) 100vw, 720px\" \/><\/div><a class=\"wp-block-latest-posts__post-title\" href=\"https:\/\/www.sveznan.com\/zanimljiva-geografija\/zanimljiva-geografija-na-slovo-u\/\">Zanimljiva geografija na slovo U<\/a><\/li>\n<\/ul><\/div><\/div>\r\n\r\n\r\n\r\n<p>&nbsp;<\/p>\r\n","protected":false},"excerpt":{"rendered":"<p>Igra &bdquo;Zanimljiva geografija&ldquo; poznata i pod nazivom &bdquo;Gradova i sela&ldquo; je jedna od dru&scaron;tvenih igara koja se naj&#269;e&scaron;&#263;e igra u osnovnoj ili srednjoj &scaron;koli. Igramo je naj&#269;e&scaron;&#263;e kada imamo prazan &#269;as ili na velikom odmoru. Ipak, kako je igra jako zanimljiva, mnogi parovi ili porodice je igraju jednostavno ku&#263;i tokom dugih zimskih ve&#269;eri. Tablica (forma) &hellip;<\/p>\n","protected":false},"author":1,"featured_media":284,"parent":0,"menu_order":0,"comment_status":"closed","ping_status":"closed","template":"","meta":{"footnotes":""},"class_list":["post-156","page","type-page","status-publish","has-post-thumbnail","hentry"],"_links":{"self":[{"href":"https:\/\/www.sveznan.com\/zanimljiva-geografija\/wp-json\/wp\/v2\/pages\/156","targetHints":{"allow":["GET"]}}],"collection":[{"href":"https:\/\/www.sveznan.com\/zanimljiva-geografija\/wp-json\/wp\/v2\/pages"}],"about":[{"href":"https:\/\/www.sveznan.com\/zanimljiva-geografija\/wp-json\/wp\/v2\/types\/page"}],"author":[{"embeddable":true,"href":"https:\/\/www.sveznan.com\/zanimljiva-geografija\/wp-json\/wp\/v2\/users\/1"}],"replies":[{"embeddable":true,"href":"https:\/\/www.sveznan.com\/zanimljiva-geografija\/wp-json\/wp\/v2\/comments?post=156"}],"version-history":[{"count":39,"href":"https:\/\/www.sveznan.com\/zanimljiva-geografija\/wp-json\/wp\/v2\/pages\/156\/revisions"}],"predecessor-version":[{"id":2162,"href":"https:\/\/www.sveznan.com\/zanimljiva-geografija\/wp-json\/wp\/v2\/pages\/156\/revisions\/2162"}],"wp:featuredmedia":[{"embeddable":true,"href":"https:\/\/www.sveznan.com\/zanimljiva-geografija\/wp-json\/wp\/v2\/media\/284"}],"wp:attachment":[{"href":"https:\/\/www.sveznan.com\/zanimljiva-geografija\/wp-json\/wp\/v2\/media?parent=156"}],"curies":[{"name":"wp","href":"https:\/\/api.w.org\/{rel}","templated":true}]}}